. Suppose -4*o + t + 60 = 0, z = 3*t - 8*t + 20. What is the greatest common divisor of a and o?
8
Suppose 0 = 27*s - 30*s + u + 162, 4*u = 5*s - 263. Calculate the greatest common divisor of 1265 and s.
55
Suppose 5*g - 30 = -5*q, -4 = -4*q + q + 4*g. Calculate the highest common divisor of 5 and q.
1
Let c(p) = -3*p - 10. Let i be c(-5). Let g(h) = 53*h + 11. Let x be g(i). Let o be 1/(-4) + x/16. What is the highest common divisor of o and 119?
17
Suppose -5*f - 32 = -o, 0*o - 2*f - 80 = -2*o. Let x = o - 39. What is the greatest common factor of x and 12?
3
Let n(u) = u**3 - 5*u**2 + 2*u - 2. Let l be n(6). Let x = l - 32. Suppose -30*i + 35*i = 70. What is the greatest common divisor of i and x?
14
Suppose -2*q + 5*w + 0 + 7 = 0, q - 2 = w. Suppose q = -5*l + 86. Calculate the highest common factor of l and 17.
17
Let x = -961 - -1225. Suppose -3*j + p = 1, j = 6*j + p + 7. Let i be 24 + 0/(1/j). What is the greatest common factor of x and i?
24
Suppose -o - 4*o - o = 0. Suppose o = 4*x + 32 - 84. What is the greatest common factor of x and 13?
13
Let b be 1*-23 + (48/2)/6. Let t = -7 - b. Let z be (-482)/(-4) + 1/(-2). Calculate the greatest common divisor of t and z.
12
Suppose -2*h = 3*x + h - 642, 2*x + h = 426. Calculate the greatest common factor of x and 4.
4
Let x(g) = g**3 + 8*g**2 - 12*g + 5. Let z be x(-10). Let c = z - -96. What is the greatest common factor of c and 28?
7
Let b = -1 - -26. Suppose -q - 4*q + b = 0. Suppose 9 + q = f. Calculate the greatest common factor of f and 42.
14
Suppose -328 = -13*x + 140. What is the highest common divisor of x and 84?
12
Suppose 4*r = -3*y + 163, -43*r + 202 = -38*r + 2*y. What is the highest common divisor of r and 1160?
40
Suppose -13*r + 8*r + 412 = 2*u, 0 = -3*u - 12. What is the highest common factor of r and 72?
12
Suppose 7*n + 8*n - 240 = 0. Calculate the greatest common factor of 248 and n.
8
Let r(c) = 26*c - 4. Let a be r(2). Suppose 2*v - a = -0*v. What is the greatest common divisor of 8 and v?
8
Suppose 2*m = m - 20. Let j be 0/11 - m/1. Suppose -r - 17 = 5*v, -5*v = 3*r + 4 - 3. What is the greatest common divisor of r and j?
4
Let k = -7 + -19. Let d = 34 + k. Calculate the greatest common factor of 8 and d.
8
Suppose -90*u = -96*u + 594. What is the highest common factor of u and 22?
11
Let y be 18*(-1)/6*-4. Let f(c) be the third derivative of c**4/12 + 10*c**3/3 + 4*c**2. Let g be f(-6). Calculate the highest common factor of y and g.
4
Suppose 4*t + 64 = s + 3*s, -s + 14 = t. What is the greatest common factor of 375 and s?
15
Suppose -2*g + 2*r - 2 = -10, 4*r + 10 = 3*g. Suppose g*b - 2*b = 72. Suppose -3*i + b = -i. Calculate the greatest common divisor of i and 9.
9
Let i be 6/9*105/5. Suppose 4*t - t = -72. Let r = t - -80. What is the greatest common divisor of r and i?
14
Let i = -44 + -13. Let f = i - -101. Calculate the highest common factor of 33 and f.
11
Suppose 0 = -2*v - 6, -4*p = -6*p - v + 221. Calculate the greatest common divisor of 32 and p.
16
Let g = 32 + -13. Let x = -1832 - -1833. Calculate the highest common factor of g and x.
1
Suppose 8*a - 951 = 521. What is the greatest common factor of 23 and a?
23
Let m = -51 - -58. Suppose m*x - 15 = 27. Calculate the greatest common divisor of x and 6.
6
Let m = 70 - -76. Suppose -x - 25 + m = 0. Let k be (-75)/(-7) + (-8)/(-28). What is the greatest common divisor of k and x?
11
Let x(t) be the first derivative of -t**4/4 - 3*t**3 - 4*t**2 + 18*t + 33. Let h be x(-8). Let i = -17 - -89. Calculate the greatest common factor of h and i.
18
Let h(o) = o + 19. Let n be h(15). Suppose 0 = -3*q + 6*g - 4*g + n, 0 = -g - 2. Calculate the highest common divisor of q and 20.
10
Suppose 47*h = 24*h + 3174. Calculate the greatest common factor of h and 6.
6
Let b = -744 - -932. Calculate the highest common divisor of 16 and b.
4
Let l = 702 + -630. Let z(t) = 10*t - 3. Let p be z(3). Suppose -4*n + p = -n. Calculate the highest common factor of n and l.
9
Suppose -3*v + 5*m - m = -196, 5*v - 2*m = 308. Let x(p) = p**3 + 11*p**2 + 9*p + 20. Let i be x(-10). What is the highest common divisor of i and v?
30
Let o be 72/(-42)*((-100)/8 + 2). Calculate the highest common divisor of o and 390.
6
Let n be (-5 - -54)/(-7) + 47. Calculate the greatest common divisor of n and 580.
20
Let l = -113 + 117. Suppose -420 = -l*a + a. Calculate the greatest common divisor of 10 and a.
10
Suppose -3*m + 1204 = -4*o, 2*m - 4*o = -0*o + 808. Let k be ((4 - -2) + (-2736)/432)/(1/(-108)). What is the greatest common factor of m and k?
36
Let c be ((-12)/(-9))/(-2) - 95450/(-75). Calculate the highest common divisor of 24 and c.
24
Let r(s) = 2*s - 6. Let n be r(7). Let x(u) = -24*u + 97. Let p be x(4). What is the greatest common factor of n and p?
1
Let f be (-333)/2*(-4)/6. Suppose 3*u - 2*b - 50 - 27 = 0, 5*u = -b + f. Calculate the highest common factor of u and 23.
23
Let d = 45 + 5. Suppose 5*o = 15*o - 750. Calculate the greatest common divisor of d and o.
25
Suppose -c = -4, -3*s = 2*s - 4*c - 439. Calculate the highest common divisor of s and 39.
13
Suppose 0 = -4*p + 2*p + 110. What is the greatest common divisor of p and 22?
11
Let f(a) = a**2 - 5*a + 8. Let z be f(3). Suppose z*v = 8*v. Suppose 0 = -v*c - c + 252. What is the highest common divisor of c and 36?
36
Let g(c) = c + 5. Let f be g(-3). Suppose 0 = f*h - 5 - 1. Suppose 5*j = 5*n - 110, -2*n = -h*n + 4*j + 28. Calculate the highest common divisor of 8 and n.
4
Suppose 10 = -v + 5*n, 3*n = 4*v - 6*v + 6. Let g = v + 4. Let m = 51 + -19. Calculate the greatest common factor of m and g.
4
Let u = -200 - -371. What is the highest common divisor of 19 and u?
19
Let k be (2 - 3)/(1/107). Let m = k - -113. What is the highest common factor of 30 and m?
6
Let c = -60 + 56. Let f be -2*(c/(-14) - 144/14). Calculate the greatest common divisor of 60 and f.
20
Let i = -773 + 915. Calculate the highest common divisor of i and 2.
2
Let b(m) = 13*m**2 - 8*m + 34. Let d be b(5). Calculate the highest common divisor of 22 and d.
11
Let x be ((-3)/6)/((1/16)/(-1)). Let d = 11 - 15. Let s = d + x. What is the greatest common factor of s and 6?
2
Let a(l) = 0*l + 3*l**2 - 2*l + l**3 + l**2. Let n be a(-4). Suppose -4*v - 60 = -2*r + v, -r - 3*v + n = 0. What is the greatest common divisor of 80 and r?
20
Suppose -8*r = -11*r + 1155. Let k = 0 + 0. Suppose k = 5*n, -5*p + 2*n + r = n. Calculate the highest common factor of 7 and p.
7
Let s(i) = i**3 - 14*i**2 - i + 16. Let t be s(14). Suppose 13*v - 8*v = -3*w + 599, -4*w + t*v + 816 = 0. Calculate the highest common divisor of 29 and w.
29
Suppose -36 = -3*b - b. Suppose v - 63 = -b. Let x = -45 + 126. Calculate the highest common divisor of v and x.
27
Let f = 325 + 116. What is the greatest common factor of 315 and f?
63
Let m(r) = -6*r + 8. Let w be m(-8). Let q be ((-8)/(-3))/((-72)/(-378)). What is the greatest common divisor of w and q?
14
Let x = -185 - -257. What is the highest common divisor of x and 16?
8
Let x(p) = 941*p + 7. Let a be x(1). Calculate the highest common divisor of 12 and a.
12
Suppose 4*p - 1 = -5, -197 = -4*u + 5*p. What is the greatest common factor of 40 and u?
8
Suppose 3*b + 416 = 5*b. What is the highest common divisor of 16 and b?
16
Let f be (-1)/(2 - (-314)/(-158)). Let l = f - -137. Suppose 0 = -z + 50 + l. What is the highest common factor of 12 and z?
12
Suppose 21 - 65 = -r. Let p be 206/6 - r/33. Calculate the greatest common factor of p and 11.
11
Suppose -2*v = -7*v + 295. Suppose 4*s + v - 23 = 0. Let t = 11 - s. Calculate the greatest common divisor of t and 4.
4
Let b(v) = -9*v + 64. Let c be b(6). What is the greatest common factor of 610 and c?
10
Let o(q) = q**3 + 19*q**2 - 3*q - 24. Let a be o(-19). Calculate the greatest common factor of a and 176.
11
Let k = 3 - 1. Let j be (4/k)/((-4)/(-14)). Let p = 467 - 439. What is the greatest common factor of j and p?
7
Let u be (-21)/(-6) + (-1)/2. Suppose w + 2 = 3*z, -5*w + 11 = 3*z + u. Let o be (180/27)/(w/3). Calculate the highest common factor of 60 and o.
20
Let u(d) = -d**3 + 40*d**2 - 55*d - 46. Let n be u(38). Calculate the greatest common factor of n and 47.
47
Suppose 116 = -3*k + 5*k + 2*s, 2*k - 2*s = 104. Let j be (